he units digit of (-7 + 0)*z/(-7)?
2
What is the units digit of ((-496)/(-10))/2*(-3 - -43)?
2
Let m(r) = -r**3 - 75*r**2 - 88*r + 179. What is the thousands digit of m(-74)?
1
Suppose r - 512 = 4*a, 4*r + 3*a + 2*a - 2111 = 0. Suppose -2*g - r = 3*h, 0*g = -3*g + 2*h - 786. What is the units digit of g/(-14) + (-4)/(-14)?
9
Let t(i) be the second derivative of -i**5/20 - 7*i**4/12 + 3*i**3/2 - 7*i**2/2 + 10*i. What is the units digit of t(-9)?
4
Suppose 3*n = -4*t - 12, 3*t = 6*n - n + 20. Suppose -4*z + 122 = 2*y, -4*y + 2*y - 3*z + 117 = t. What is the tens digit of y?
5
Let j be 1*0/(1*(-1 + -1)). Let f = j + 37. What is the units digit of f?
7
Let q = 9 + 27. Let s be ((-17)/51)/((-2)/q). Suppose l - s*l = -95. What is the units digit of l?
9
Let l be (1/((-6)/(-3675)))/((-3)/(-36)). What is the tens digit of (l/27 - -1) + (-2)/9?
7
Let c = 17 + -47. Let s = c + 83. What is the tens digit of s?
5
What is the hundreds digit of (-4 - -7) + (-2168)/(3/(-3))?
1
Suppose -5*h - h + 1296 = 0. Suppose 4*v + 112 = 2*r + 2, 4*v + h = 4*r. What is the tens digit of r?
5
Let z(f) = -f**2 - 10*f + 3. Let s(k) = -2*k - 4. Let b be s(-3). Suppose -b*t + t = 8. What is the units digit of z(t)?
9
Let h(a) be the third derivative of -a**5/60 - a**4/4 - a**3/3 + 4*a**2. Let v be h(6). Let s = v + 111. What is the tens digit of s?
3
Let l be (-332)/16 - 3/(-4). Let v(h) = -h**3 - 21*h**2 - 19*h + 27. What is the units digit of v(l)?
7
Let k = -537 + 2500. What is the thousands digit of k?
1
Suppose -h - 22 - 55 = 0. Let r = -7 - h. What is the units digit of r?
0
Suppose 0 = 21*u - 49890 - 20166. What is the units digit of u?
6
Let p = 18 - 18. Suppose p = -d + 7*d - 246. What is the units digit of d?
1
What is the hundreds digit of ((-6)/3)/(-1) - -2834?
8
Suppose -55334 = -10*w - 16354. Suppose -w = -16*q - 698. What is the tens digit of q?
0
Let c = 29 + -21. Suppose -c = 4*q - 24. Let b(n) = n**3 - 5*n**2 + 5*n - 1. What is the units digit of b(q)?
3
Let u = 56 + 49. Suppose 0 = 5*k - 2*k - 6. Suppose -u = -3*x - k*x. What is the tens digit of x?
2
Suppose -5*s - 15 = 0, -4*y - 897 + 5540 = -5*s. What is the units digit of y?
7
Let n = -1388 + 2339. What is the hundreds digit of n?
9
Let f be (-168)/(-8)*(-2)/(-3). Let b(c) = -c**2 + 18*c + 2. What is the tens digit of b(f)?
5
Let l = -124 + 130. Suppose -y + 54 = -l. What is the tens digit of y?
6
Let g be 2/10 + ((-68)/(-10) - -5). What is the units digit of (-1082)/(-12) + (22/g)/(-11)?
0
Suppose 20 = -z + 22. Let o be z*(-4)/3*-12. What is the tens digit of ((-30)/8)/((-12)/o)?
1
Suppose -4*m = -20, 3*s - 4*m = -s + 2360. Suppose 0 = -d + p + 75 + 70, -p - s = -4*d. What is the units digit of d?
0
Suppose -s + 5*i + 568 = 0, -2*s + 618 = -2*i - 510. What is the units digit of s?
3
Suppose 0 = -2*r + 3 + 5. Let j be (11/11)/((-2)/r). What is the units digit of (j + 5 - 4) + 16?
5
Let z(t) = -3*t**2 + t + 10. Let h(o) = 4*o**2 - 11. Let b(f) = -2*h(f) - 3*z(f). What is the tens digit of b(-7)?
6
Suppose 105*y - 103*y = 1672. What is the tens digit of y?
3
Let v(n) = n**2 - 4*n + 2. Let c be v(1). Let u(f) = -36*f**3 - 2*f**2 - 2*f - 1. What is the tens digit of u(c)?
3
Let v = -905 + 1627. What is the units digit of v?
2
Suppose -80 = -3*b - 4*m + 1629, -5*b = m - 2820. What is the units digit of b?
3
Let s(f) = -58*f**2 + 103*f**2 - f - 14*f**2. Suppose -3*y - 1 = 2. What is the tens digit of s(y)?
3
Suppose 5*l + 309 = 39. Let t = 142 + l. What is the units digit of t?
8
Suppose 190 = 2*w - 4*p - 1794, w = -5*p + 978. What is the units digit of w?
8
Let l be (-1)/((-15)/(-40) + 2/(-4)). Suppose -5*g - 2*r = -680, 5*g + 389 = l*g + 5*r. What is the hundreds digit of g?
1
Let o = 171 + -691. Let l = 763 + o. What is the tens digit of l?
4
Let n(c) = -c + 3. Let o be n(1). Suppose o*b + 4 = 4*b. Suppose 5*q - b*x = 105 + 89, -4*x = 3*q - 132. What is the tens digit of q?
4
Suppose -40*r = -46*r + 2538. What is the hundreds digit of r?
4
Let h = -4 - -6. Suppose 5*r = -h*c - 9 - 6, -3 = r + 2*c. What is the units digit of (-1)/(53/18 + r)?
8
Let d(x) be the first derivative of -x**3/3 + 3*x**2/2 + 3*x + 3. Let n(y) be the first derivative of d(y). What is the units digit of n(-3)?
9
Let w = 3 - 9. Let m be (98/(-4))/(w/12). Suppose m = -3*v + 148. What is the units digit of v?
3
Let o = -59 + 63. Suppose 0*g = o*g - 356. What is the tens digit of g?
8
Let u(w) = -10*w**2 - 5*w + 1. Let a be u(-3). Let x be (-3)/6*2*33. Let z = x - a. What is the tens digit of z?
4
Suppose 89 = -0*j + j. Let f be j/7 + (-6)/(-21). Let y = f - -4. What is the tens digit of y?
1
Suppose -3*z + z = 6*z. Suppose z = 2*g - 2*n - 104, -5*g + 296 = -2*n + 6*n. What is the units digit of g?
6
Let w = -3 - -9. Suppose -g = -w*g + 65. Suppose -g = -v + 48. What is the tens digit of v?
6
Let a(s) = 15*s**2 + 14 - 1 + 7 - 3 + s**3 + 15*s. Let l be a(-14). Suppose -r - 5*k + 11 = -10*k, 0 = l*r + 3*k + 3. What is the units digit of r?
1
Suppose -5*c + 157 = -3*g, 0 = -0*c - 5*c - 5*g + 165. What is the units digit of (-3*28/(-16))/(6/c)?
8
What is the thousands digit of (-28)/7 + -9 + 4051?
4
Let a = -34 - -59. Suppose 5*o - a - 5 = 0. Suppose -5*z = -o - 139. What is the tens digit of z?
2
Let i(v) = v**2 + 14*v + 61. What is the units digit of i(-12)?
7
Let l = -110 - -106. What is the tens digit of l*((-2)/5 + (-3380)/50)?
7
Let w = -24 + 20. What is the units digit of ((-2)/w)/(49/12 - 4)?
6
Let a(i) = i**3 + 13*i**2 - 12*i + 19. Let h be a(-14). Let u = h - -7. What is the units digit of u/(3 - 46/14)?
7
What is the tens digit of (1 - -35)*(770/33 + -3)?
3
Let h(v) = 77*v**2 - 1. Let b be h(-1). Let k = -5 + 9. Suppose k*w = b + 68. What is the units digit of w?
6
Suppose 5*z + 0*h + 55 = -5*h, 0 = 2*z - h + 13. What is the tens digit of (2 - z)*(-32)/(-5)?
6
Suppose k - 1241 = -4*a + 293, 0 = a - 3. Suppose -5*c - 6 = -1, -5*b - 3*c = -k. What is the tens digit of b?
0
Suppose 4*s = 4*u - 728, 2*u + 1041 = -4*s + 301. What is the units digit of ((-9)/(-6))/((-6)/s)?
6
Suppose x - 15456 = -3*x - p, -4*x = -2*p - 15468. What is the tens digit of x?
6
Let g(p) = -p**3 + 7*p**2 - 3*p + 4. What is the tens digit of g(6)?
2
Suppose -15 = -0*o + 5*o. Let a(q) = -q**2 + 6*q - 4. Let c(v) = -v**2 + 5*v - 3. Let p(i) = o*c(i) + 2*a(i). What is the tens digit of p(8)?
4
Let i = 105 + -6. What is the units digit of i?
9
Suppose 0 = 5*v - 2419 + 114. What is the tens digit of v?
6
Suppose 0 = -8*i + 2*i + 18. Let z(p) = p**2 + p + 5. What is the units digit of z(i)?
7
Let w = -757 + 519. Let n be w/4 - (-2)/4. Let g = n + 85. What is the tens digit of g?
2
Suppose -2*h - 7060 = -5*k, 5*h + 4 + 21 = 0. What is the tens digit of k/24 - 1/(-4)?
5
Suppose -2631 = 4*x - 7*x. What is the hundreds digit of x?
8
Let s = -20 + 22. Suppose 0 = s*p - 0*p. Let j = 19 + p. What is the units digit of j?
9
Let a = 15 - 13. Let p be 137 - (-3 + 2)/(-1). Suppose -14 = -a*d - b + 65, 3*d - p = -5*b. What is the units digit of d?
7
Let n = 10 + -10. Let v(t) = -4*t**2 + 9. Let z(f) = 3*f**2 - 10. Let g(j) = -2*v(j) - 3*z(j). What is the units digit of g(n)?
2
Let v(t) = t**2 + 2*t + 35. Let n be v(0). Suppose -11*k + 251 = -n. What is the units digit of k?
6
Suppose 4*w = 2*v - 486, -3*w - 435 + 78 = -3*v. Let j = w + 165. What is the units digit of j?
1
Let n(r) = 2*r**3 - 6*r**2 + 2*r + 1. What is the tens digit of n(10)?
2
Suppose 5*p - 20 - 7 = 4*x, p = 3*x + 12. What is the units digit of 152/p*24/16?
6
Suppose 3*j + 23 = -5*h, 2*j = 3*h + 2*h + 43. Suppose -72 = -6*w + 3*w. Let g = w + h. What is the tens digit of g?
1
Let j = -698 + 1167. What is the tens digit of j?
6
Let h = 2644 - 2497. What is the units digit of h?
7
Let w = 15 - 34. Let t = w + 17. What is the tens digit of t + (-34*2)/(-4)?
1
Let g = -13 - -16. Let k(r) = 4*r**2 + 7*r - 11. Let t be k(-6). Suppose -m + g = 4*j, 0*j = -5*m - j + t. What is the tens digit of m?
1
Suppose 5*w - 2653 - 1812 = 0. Suppose -5*x = 5*s - 710, 5*x - w = 3*s - 207. What is the hundreds digit of x?
1
Suppose 0 = -9*n - 3*n + 72. Let i(c) be the second derivative of -c**5/20 + 3*c**4/4 - 3*c**3/2 + 4*c**2 - c. What is the tens digit of i(n)?
6
Let c(z) = 861*z**2 + 2. What is the units digit of c(-1)?
3
S